 11 - 17. Let j(r) = 7*r + 11. Let a(p) = 6*p + 10. Let q(c) = x*a(c) + 5*j(c). Let l be 42*(-4)/72*-3. Determine q(l).
-12
Let m(b) = -b**2 - 15. Suppose q + 3*z + 6 = 0, 13*z = -3*q + 12*z - 2. Suppose q = -5*w - 4*d - 8, 4*w + 4 + 4 = -4*d. Determine m(w).
-15
Let x(h) = -315*h + 5400. Let r(v) = 119*v - 2025. Let s(b) = -21*r(b) - 8*x(b). Calculate s(32).
-3
Let r(x) be the third derivative of 0 + 1/8*x**4 + 0*x + 116*x**2 + 1/6*x**3. Let m(y) = -y**3 + 5*y**2 - 1. Let b be m(5). Give r(b).
-2
Let i(l) = -6*l**2 + 4*l - 1. Let a(f) = -f**2 + 1. Let h(o) = 5*a(o) - i(o). Suppose -d = 4*b - 25 + 12, 23 = -b - 4*d. What is h(b)?
11
Let z(l) = -l + 8. Let t(i) = 1. Let x(d) = -t(d) + z(d). Give x(-11).
18
Let d(g) be the first derivative of -g**4/2 + 4*g**3/3 - 3*g**2/2 - 740. What is d(4)?
-76
Let g(z) = z**2 - 30*z + 40. Let l(r) = -r**2 + 34*r - 40. Let d(m) = -4*g(m) - 3*l(m). What is d(14)?
16
Suppose -146*k = -149*k - 24. Let j(n) = -n**2 - 10*n - 12. Let q be j(k). Let i(b) = 5*b - 2. Calculate i(q).
18
Let t(p) = 2*p**2 - 66*p + 79. Let f(l) = -30*l - 1408. Let v be f(-48). Calculate t(v).
15
Let s(n) = 2*n - 172 + 14*n + 360 + 0*n. Let g be s(-11). Let j(f) = f**3 - 11*f**2 - 13*f + 20. Determine j(g).
8
Suppose 0 = 5*x + 258 + 197. Let l(k) = -k**3 + 13*k**2 + 6*k + 14. Let r be l(13). Let v = x + r. Let z(c) = 3*c**3 + c**2 - 1. Determine z(v).
3
Suppose 32 = -7*s + 46. Let b(c) = -14*c**3 - 23*c**2 - 14*c + 29. Let o(k) = -5*k**3 - 8*k**2 - 5*k + 10. Let q(a) = -6*b(a) + 17*o(a). Give q(s).
-6
Let q(f) be the third derivative of -f**5/60 - f**4/24 + 7*f**3/2 - 246*f**2 + 2. Determine q(-5).
1
Let a = -8 - -6. Let i(o) = 591*o**2 + 6*o - 22. Let x(c) = -273*c**2 - 3*c + 10. Let d(l) = 6*i(l) + 13*x(l). Calculate d(a).
-8
Let k(s) = -s**2 - s + 10. Let r = -2109 + 2114. What is k(r)?
-20
Let d(i) = -i**3 - 13*i**2 - 17*i - 61. Suppose -41 = 3*y - s, 21*y - 18*y - 2*s + 46 = 0. Determine d(y).
-1
Let o(f) be the third derivative of 1/6*f**3 + 11*f**2 - 3/8*f**4 + 0*f + 0 - 1/60*f**5. Calculate o(-7).
15
Let i(g) be the third derivative of -g**5/60 - g**4/3 + 2*g**3 + 55251*g**2 + 2. Let a(c) = -2*c - 4. Let u be a(3). What is i(u)?
-8
Let a(d) be the second derivative of 3/4*d**4 - 9/2*d**2 + 180 - 1/20*d**5 - 2*d - 5/3*d**3. Calculate a(8).
-25
Let g(v) = 3*v + 5*v - 158 - 21*v + 185 - 4*v. Give g(3).
-24
Let n(f) be the second derivative of 18*f + 0*f**4 + 0*f**2 - 7/6*f**3 - 1/360*f**6 + 1/40*f**5 + 0. Let r(s) be the second derivative of n(s). Give r(3).
0
Let i(a) = a**3 - 13*a**2 - 11*a + 4. Let t be 1/(-9) - 5969/(-423). Determine i(t).
46
Let y(m) be the second derivative of m**3/6 - 9*m**2/2 - m. Let q(p) = -126313*p + 757886. Let d be q(6). Determine y(d).
-1
Let y(s) = 2*s**3 - 39 + 17*s**2 + 24*s + 16 + 25. Let h(d) = d**3 + 9*d**2 + 13*d + 1. Let w(j) = 11*h(j) - 6*y(j). Let a = 11 + -14. Calculate w(a).
2
Let c be 62/(-4) - 1/(-2). Let q(g) = 1 + 59799*g + 15 - 59797*g. Calculate q(c).
-14
Let w = -5235 - -5238. Let h(o) be the second derivative of -14*o - 1/2*o**2 + 3/2*o**w + 0. Give h(2).
17
Suppose -5*a + 6 = 2*i - 2*a, -2*i = -2*a - 6. Let l(p) be the first derivative of p**4/4 - p**3 + p**2/2 + 3*p + 19700. Give l(i).
6
Suppose 3*b = 2*x + 17 - 6, x - 5*b = -2. Let f(v) = v**3 + 8*v**2 + 4*v - 28. Determine f(x).
-7
Suppose -5*f - 6*f = 0. Let a be 0 - f - (3 + -5). Let p(o) = 4*o - 7 + o**a - 2 + 3. Calculate p(-5).
-1
Suppose 0*k = 2*q + 4*k - 4, 5*k = -3*q + 7. Suppose q*y = -0*y + 16. Let o(j) = j**3 - 4*j**2 + j + 3. Calculate o(y).
7
Let t(y) = y + 12. Suppose 15*a - 10*a = 10. Let c(p) = 0*p - 3 + 12 + p + a. Let d(j) = 5*c(j) - 4*t(j). Calculate d(7).
14
Let y be 4/10 + 407/(-55). Let z be (-18)/3*y/21. Suppose z*k = k - 4. Let q(u) = -u**2 - 7*u - 5. Give q(k).
7
Let y(q) = 2*q**2 + q + 1. Let w be -1 - -3 - (-9)/(-3). Let d be y(w). Let c(f) = 67 - 60 - d*f + 2*f + f. Give c(-9).
-2
Suppose 4*w - 33 = -25. Suppose n - 3*i - i + 2 = 0, 0 = w*n - 4*i - 4. Let u(j) be the first derivative of j**3/3 - 4*j**2 + 7*j - 2. Determine u(n).
-5
Let p be (-32)/(-36)*(-588)/(-448). Let v(z) be the second derivative of 21*z + 0 - p*z**3 - 1/12*z**4 + 2*z**2. Determine v(-6).
10
Let q(v) = 2*v**2 - 4*v - 2 + 5*v + 0*v. Let t be (-78 + 84)/(0 + -3). Calculate q(t).
4
Let d(l) = -l**2 - l + 1. Let h(j) = -8*j**2 + 2*j - 2. Let s(u) = 3*d(u) + h(u). Let i(c) = 1734*c + 26012. Let b be i(-15). Give s(b).
-45
Let s(x) be the third derivative of -11*x**7/1260 + x**5/120 + 85*x**4/12 - x**2 + 223*x. Let a(v) be the second derivative of s(v). Determine a(1).
-21
Let y be (26/39)/((-8)/(-84)). Suppose -3 + 0 = -3*r. Let a(z) = z - 13 + 0*z - 3 + r. Give a(y).
-8
Let t(l) = l**2 - 10*l**2 + 6*l**2 + 15*l + 49 + 4*l**2 - 21. Determine t(-6).
-26
Let a(g) = g**3 + 4*g**2 - 10*g + 4. Let d(j) = -3*j**2 - 524*j + 0*j**3 - j**3 + 533*j - 3. Let u(w) = -6*a(w) - 7*d(w). Calculate u(4).
1
Let f(j) = -60*j + 711. Let b be f(12). Let c(x) be the third derivative of -x**4/12 - 11*x**3/6 - x**2. Determine c(b).
7
Let m(r) be the first derivative of -r**4/4 - 8*r**3/3 - 13*r**2/2 + 4*r - 14604. What is m(-4)?
-8
Let t(p) = -p + 3. Let x(r) = 3*r + 29. Let k be x(-9). Suppose -n + 3 = 5*c - 6, 5*n = -k*c + 22. Let v be -1*c/2 + (-533)/82. Calculate t(v).
10
Suppose 4*u + 4*k - 20 = 0, 0 = 4*k - 3 - 17. Let i(g) = 7*g**2 + 30*g - 32. Let y(r) = 4*r**2 + 18*r - 19. Let v(p) = -3*i(p) + 5*y(p). Give v(u).
1
Suppose 6 = 4*f - 2. Let g = f + 2. Suppose 9 = 5*a + i - 10, 19 = g*a - 3*i. Let m(p) = -p**3 + 5*p**2 - 3*p - 3. Determine m(a).
1
Let h(g) = g**2 + 2*g + 3. Suppose 2*f = -3*l + 164 + 114, -3*l + 277 = f. Let o = l + -96. What is h(o)?
11
Let h(q) = 1854*q + 32 - 5631*q + 1895*q + 1901*q. Determine h(-5).
-63
Suppose 54 + 104 = -5*m - 67. Let l(t) = -t**3 - 42*t**2 + 135*t + 4. Determine l(m).
4
Let d(a) = -303*a - 2218. Let g(t) = 150*t + 1107. Let l(r) = 3*d(r) + 5*g(r). Calculate l(-7).
-6
Let s(j) = -76 - 18 + 82 - 133 - 112 + 5*j. Calculate s(53).
8
Let y be (2 - (18 - -3)) + 2 + 1. Let m(h) = -h - 23. Give m(y).
-7
Let q = 28000 - 28011. Let r(u) be the second derivative of -u**4/12 - 11*u**3/6 + 2*u**2 + 5*u. Calculate r(q).
4
Let s = 65 + -67. Let p be -1*(0 - 4/(-2)) - s. Suppose 0*y + p*y = -5*y. Let l(c) = c**3 - c - 3. What is l(y)?
-3
Suppose -4*u = -2*r - 4, -2*u + 19 = -4*r + 29. Let d(t) = -t**2 + t**2 - 4*t + t**3 + 2*t**2 - 5 - 5*t**2. Calculate d(r).
-5
Let g(j) be the third derivative of -j**6/120 + 31*j**5/60 + j**4/12 - 67*j**3/6 - 4*j**2 + 2*j - 395. What is g(31)?
-5
Suppose -2*d + 0*d + x + 42 = 0, 5*x - 84 = -4*d. Let b(s) = 6*s + 11. Let a(w) = -60*w - 111. Let o(m) = d*b(m) + 2*a(m). Calculate o(-6).
-27
Let i be 1 - (3 - 2) - (6 + -54). Suppose 17*m - 19*m = i. Let k be ((-5)/(-5))/(0 - 3/m). Let x(z) = -z**2 + 8*z - 3. Determine x(k).
-3
Let f(c) = -4*c + 41. Let a be f(-3). Let n(k) = -k**2 + 54*k - 54. Let j be n(a). Let h(y) be the third derivative of 13*y**4/24 - y**2. What is h(j)?
-13
Let o(s) = 4*s**3 + 4*s**2 + 5*s + 23. Let b(r) = -r**3 - r**2 - r - 6. Let l = 57 + -66. Let k(h) = l*b(h) - 2*o(h). Calculate k(0).
8
Let u(a) = -2*a**2 - a**3 + 9 - 19 - 8*a - 6*a**2. Let r = -360 + 353. What is u(r)?
-3
Let v be ((-139)/2)/(-1*(-2)/(-8)). Suppose -16*x + v = 38. Let p(d) = -d + 15. Determine p(x).
0
Let z(p) = 2*p**3 - 16*p**2 - 4*p + 34. Suppose -12*l = -8*l - 12, 0 = 3*t - 5*l - 9. Calculate z(t).
2
Let a(v) = -v**2 - 8*v - 6. Let f be a(-4). Let t(b) be the first derivative of -b**3/3 + 9*b**2/2 + 12*b - 1490. Give t(f).
2
Let n(c) = -210*c - 211*c + 637*c - 203*c - 294. Calculate n(23).
5
Suppose -62 = 4*u - 62. Let i be (0 - (-5)/(-5))*(u - -1). Let j(g) be the first derivative of 2*g**2 - 2. Give j(i).
-4
Suppose 3*y = 6*y - 75. Let q(k) = -5*k**2 + y*k**2 - 13*k**2 - 9*k**2 + 2*k + 6. What is q(3)?
-6
Let h(p) be the first derivative of -5*p**2/2 - p - 6620. Let l(d) = d**3 - d - 1. Let m be l(-1). Determine h(m).
4
Let t(u) = 3*u**2 - 6*u + 5. Let b be t(1). Let j(r) = 76*r**2 - 145*r**b - r**3 + 71*r**2 + 3 - 5*r. What is j(3)?
-21
Let n(d) = 4*d - 1. Let i(s) = 13 + 5*s**2 - 8*s**2 + s**2 - 9*s + s**2 + 15. Let w(a) = -i(a) - 2*n(a). Determine w(0).
-26
Suppose j + 9 = 32. Let y(m) = -13 